{"id":114,"date":"2024-06-05T12:07:13","date_gmt":"2024-06-05T12:07:13","guid":{"rendered":"https:\/\/concepto3.com.mx\/index.php\/our-story\/"},"modified":"2025-08-23T13:52:22","modified_gmt":"2025-08-23T13:52:22","slug":"nosotros","status":"publish","type":"page","link":"https:\/\/concepto3.com.mx\/index.php\/nosotros\/","title":{"rendered":"Nosotros"},"content":{"rendered":"\t\t<div data-elementor-type=\"wp-page\" data-elementor-id=\"114\" class=\"elementor elementor-114\" data-elementor-post-type=\"page\">\n\t\t\t\t<div class=\"elementor-element elementor-element-1a269c8 e-con-full e-flex e-con e-parent\" data-id=\"1a269c8\" data-element_type=\"container\" data-settings=\"{&quot;background_background&quot;:&quot;classic&quot;}\">\n\t\t<div class=\"elementor-element elementor-element-9e310a8 e-con-full e-flex e-con e-child\" data-id=\"9e310a8\" data-element_type=\"container\">\n\t\t\t\t<div class=\"elementor-element elementor-element-bcf10dc elementor-widget elementor-widget-heading\" data-id=\"bcf10dc\" data-element_type=\"widget\" data-widget_type=\"heading.default\">\n\t\t\t\t<div class=\"elementor-widget-container\">\n\t\t\t\t\t<h6 class=\"elementor-heading-title elementor-size-default\">Conoce m\u00e1s de<\/h6>\t\t\t\t<\/div>\n\t\t\t\t<\/div>\n\t\t\t\t<div class=\"elementor-element elementor-element-0048e44 elementor-widget elementor-widget-heading\" data-id=\"0048e44\" data-element_type=\"widget\" data-widget_type=\"heading.default\">\n\t\t\t\t<div class=\"elementor-widget-container\">\n\t\t\t\t\t<h1 class=\"elementor-heading-title elementor-size-default\">Concepto 3<\/h1>\t\t\t\t<\/div>\n\t\t\t\t<\/div>\n\t\t\t\t<div class=\"elementor-element elementor-element-29b3e72 elementor-invisible elementor-widget elementor-widget-text-editor\" data-id=\"29b3e72\" data-element_type=\"widget\" data-settings=\"{&quot;_animation&quot;:&quot;fadeIn&quot;,&quot;_animation_delay&quot;:400}\" data-widget_type=\"text-editor.default\">\n\t\t\t\t<div class=\"elementor-widget-container\">\n\t\t\t\t\t\t\t\t\t<p>Uniendo 3 mentes expertas en la industria, Concepto 3 inicia en 2023 fusionando la pasi\u00f3n y expertise del mundo de juegos y sorteos con el inter\u00e9s por la innovaci\u00f3n y el desarrollo tecnol\u00f3gico dentro del mundo del entretenimiento digital.\u00a0<\/p><p>El nombre Concepto 3 nace como representaci\u00f3n de 3 pilares de conocimiento que hacen posible materializar la empresa; Industria, Tecnolog\u00eda y Comunicaci\u00f3n. Con los 3 fundadores que respectivamente entienden y dominan cada uno de estos entornos, se crea una sinergia que hoy nos permite ofrecer m\u00e1s de 5 productos entre B2B (Business to business) y B2C (Business to client).<\/p><p>Adicionalmente, a lo largo de nuestra trayectoria previa a la consolidaci\u00f3n de Concepto 3, oportunidades nacionales e internacionales nos han permitido observar y analizar cu\u00e1les son las \u00e1reas de oportunidad m\u00e1s latentes dentro de la industria, permitiendo que nos enfoquemos en ello para crear productos con valor real y validados por el mismo mercado, con el prop\u00f3sito de mejorar las opciones de los usuarios en temas de tecnolog\u00eda, marca y confiabilidad.<\/p>\t\t\t\t\t\t\t\t<\/div>\n\t\t\t\t<\/div>\n\t\t\t\t<\/div>\n\t\t\t\t<\/div>\n\t\t<div class=\"elementor-element elementor-element-80cce20 e-con-full e-flex e-con e-parent\" data-id=\"80cce20\" data-element_type=\"container\" data-settings=\"{&quot;background_background&quot;:&quot;classic&quot;}\">\n\t\t<div class=\"elementor-element elementor-element-2fb9223 e-con-full e-flex e-con e-child\" data-id=\"2fb9223\" data-element_type=\"container\">\n\t\t\t\t<div class=\"elementor-element elementor-element-123c8ce elementor-widget elementor-widget-heading\" data-id=\"123c8ce\" data-element_type=\"widget\" data-widget_type=\"heading.default\">\n\t\t\t\t<div class=\"elementor-widget-container\">\n\t\t\t\t\t<h1 class=\"elementor-heading-title elementor-size-default\">Fernando Carrillo<\/h1>\t\t\t\t<\/div>\n\t\t\t\t<\/div>\n\t\t\t\t<div class=\"elementor-element elementor-element-4c45bda elementor-widget elementor-widget-heading\" data-id=\"4c45bda\" data-element_type=\"widget\" data-widget_type=\"heading.default\">\n\t\t\t\t<div class=\"elementor-widget-container\">\n\t\t\t\t\t<h6 class=\"elementor-heading-title elementor-size-default\">Chief executive officer<\/h6>\t\t\t\t<\/div>\n\t\t\t\t<\/div>\n\t\t\t\t<div class=\"elementor-element elementor-element-4f7d373 elementor-widget-divider--view-line elementor-widget elementor-widget-divider\" data-id=\"4f7d373\" data-element_type=\"widget\" data-widget_type=\"divider.default\">\n\t\t\t\t<div class=\"elementor-widget-container\">\n\t\t\t\t\t\t\t<div class=\"elementor-divider\">\n\t\t\t<span class=\"elementor-divider-separator\">\n\t\t\t\t\t\t<\/span>\n\t\t<\/div>\n\t\t\t\t\t\t<\/div>\n\t\t\t\t<\/div>\n\t\t\t\t<div class=\"elementor-element elementor-element-9ff80f8 elementor-invisible elementor-widget elementor-widget-text-editor\" data-id=\"9ff80f8\" data-element_type=\"widget\" data-settings=\"{&quot;_animation&quot;:&quot;fadeIn&quot;,&quot;_animation_delay&quot;:400}\" data-widget_type=\"text-editor.default\">\n\t\t\t\t<div class=\"elementor-widget-container\">\n\t\t\t\t\t\t\t\t\t<p class=\"p1\">Con formaci\u00f3n y un gusto probado por las finanzas y la econom\u00eda, logr\u00e9 consolidarme en esta industria que me apasiona y en la que me he desarrollado desde hace 17 a\u00f1os. He tenido la oportunidad de trabajar en grandes empresas a nivel mundial, desde operadores de loter\u00edas hasta canales digitales de venta.<\/p><p class=\"p1\">Tambi\u00e9n he colaborado con consultoras internacionales analizando el mercado de casinos, apuestas deportivas y loter\u00edas, tanto en su modalidad f\u00edsica como en modelos 100% digitales. En mi trayectoria, me he enfocado en crecer cada negocio basado en la transformaci\u00f3n digital para generar eficiencias y crecimiento en utilidades.<\/p><p class=\"p1\">El mercado mexicano cuenta con gran potencial de crecimiento, faltando solo algunos elementos que le permitir\u00e1n adaptarse a nuevos perfiles de jugadores. Mi misi\u00f3n es aportar tecnolog\u00eda, innovaci\u00f3n, estrategia y conocimiento para ser parte del crecimiento exponencial que se espera durante los pr\u00f3ximos 10 a\u00f1os.<\/p>\t\t\t\t\t\t\t\t<\/div>\n\t\t\t\t<\/div>\n\t\t\t\t<div class=\"elementor-element elementor-element-89f85ba elementor-widget-divider--view-line elementor-widget elementor-widget-divider\" data-id=\"89f85ba\" data-element_type=\"widget\" data-widget_type=\"divider.default\">\n\t\t\t\t<div class=\"elementor-widget-container\">\n\t\t\t\t\t\t\t<div class=\"elementor-divider\">\n\t\t\t<span class=\"elementor-divider-separator\">\n\t\t\t\t\t\t<\/span>\n\t\t<\/div>\n\t\t\t\t\t\t<\/div>\n\t\t\t\t<\/div>\n\t\t\t\t<div class=\"elementor-element elementor-element-104e5c1 elementor-widget elementor-widget-heading\" data-id=\"104e5c1\" data-element_type=\"widget\" data-widget_type=\"heading.default\">\n\t\t\t\t<div class=\"elementor-widget-container\">\n\t\t\t\t\t<h6 class=\"elementor-heading-title elementor-size-default\">Experiencia<\/h6>\t\t\t\t<\/div>\n\t\t\t\t<\/div>\n\t\t\t\t<div class=\"elementor-element elementor-element-02eb75c elementor-invisible elementor-widget elementor-widget-text-editor\" data-id=\"02eb75c\" data-element_type=\"widget\" data-settings=\"{&quot;_animation&quot;:&quot;fadeIn&quot;,&quot;_animation_delay&quot;:400}\" data-widget_type=\"text-editor.default\">\n\t\t\t\t<div class=\"elementor-widget-container\">\n\t\t\t\t\t\t\t\t\t<p class=\"p1\">Director General GTECH M\u00e9xico (Ahora IGT)<\/p><p class=\"p1\">Consultor para Pron\u00f3sticos para la Asistencia P\u00fablica, ahora fusionado con Loter\u00eda Nacional<\/p><p class=\"p1\">VP LATAM para Jumbo Interactive<\/p><p class=\"p1\">Director de estrategia Digital en Sorteos TEC<\/p><p class=\"p1\">Socio Fundador de Concepto 3<\/p>\t\t\t\t\t\t\t\t<\/div>\n\t\t\t\t<\/div>\n\t\t\t\t<\/div>\n\t\t<div class=\"elementor-element elementor-element-b005ada e-con-full e-flex e-con e-child\" data-id=\"b005ada\" data-element_type=\"container\" data-settings=\"{&quot;background_background&quot;:&quot;classic&quot;}\">\n\t\t\t\t<\/div>\n\t\t\t\t<\/div>\n\t\t<div class=\"elementor-element elementor-element-243b162b e-con-full e-flex e-con e-parent\" data-id=\"243b162b\" data-element_type=\"container\" data-settings=\"{&quot;background_background&quot;:&quot;classic&quot;}\">\n\t\t<div class=\"elementor-element elementor-element-46fd6c19 e-con-full e-flex e-con e-child\" data-id=\"46fd6c19\" data-element_type=\"container\">\n\t\t\t\t<div class=\"elementor-element elementor-element-642346c5 elementor-widget elementor-widget-heading\" data-id=\"642346c5\" data-element_type=\"widget\" data-widget_type=\"heading.default\">\n\t\t\t\t<div class=\"elementor-widget-container\">\n\t\t\t\t\t<h2 class=\"elementor-heading-title elementor-size-default\">Nuestra misi\u00f3n<\/h2>\t\t\t\t<\/div>\n\t\t\t\t<\/div>\n\t\t\t\t<div class=\"elementor-element elementor-element-14575f6a elementor-widget__width-initial elementor-widget-mobile__width-inherit elementor-widget elementor-widget-text-editor\" data-id=\"14575f6a\" data-element_type=\"widget\" data-widget_type=\"text-editor.default\">\n\t\t\t\t<div class=\"elementor-widget-container\">\n\t\t\t\t\t\t\t\t\t<p>Revolucionar la industria de juegos y sorteos a trav\u00e9s de la innovaci\u00f3n tecnol\u00f3gica, la seguridad y la confiabilidad. Nos dedicamos a ofrecer productos y servicios de alta calidad que enriquezcan la experiencia de nuestros clientes, tanto empresas como consumidores, asegurando la tranquilidad y satisfacci\u00f3n en cada interacci\u00f3n.<\/p><p>Nuestra meta es establecer nuevos est\u00e1ndares en el entretenimiento digital, facilitando soluciones tecnol\u00f3gicas avanzadas y comunicaci\u00f3n efectiva para transformar y mejorar continuamente el panorama global de juegos y sorteos.<\/p>\t\t\t\t\t\t\t\t<\/div>\n\t\t\t\t<\/div>\n\t\t\t\t<\/div>\n\t\t\t\t<\/div>\n\t\t\t\t<\/div>\n\t\t","protected":false},"excerpt":{"rendered":"<p>Conoce m\u00e1s de Concepto 3 Uniendo 3 mentes expertas en la industria, Concepto 3 inicia en 2023 fusionando la pasi\u00f3n y expertise del mundo de juegos y sorteos con el inter\u00e9s por la innovaci\u00f3n y el desarrollo tecnol\u00f3gico dentro del mundo del entretenimiento digital.\u00a0 El nombre Concepto 3 nace como representaci\u00f3n de 3 pilares de [&hellip;]<\/p>\n","protected":false},"author":1,"featured_media":118,"parent":0,"menu_order":0,"comment_status":"closed","ping_status":"closed","template":"elementor_header_footer","meta":{"footnotes":""},"class_list":["post-114","page","type-page","status-publish","has-post-thumbnail","hentry"],"_links":{"self":[{"href":"https:\/\/concepto3.com.mx\/index.php\/wp-json\/wp\/v2\/pages\/114","targetHints":{"allow":["GET"]}}],"collection":[{"href":"https:\/\/concepto3.com.mx\/index.php\/wp-json\/wp\/v2\/pages"}],"about":[{"href":"https:\/\/concepto3.com.mx\/index.php\/wp-json\/wp\/v2\/types\/page"}],"author":[{"embeddable":true,"href":"https:\/\/concepto3.com.mx\/index.php\/wp-json\/wp\/v2\/users\/1"}],"replies":[{"embeddable":true,"href":"https:\/\/concepto3.com.mx\/index.php\/wp-json\/wp\/v2\/comments?post=114"}],"version-history":[{"count":122,"href":"https:\/\/concepto3.com.mx\/index.php\/wp-json\/wp\/v2\/pages\/114\/revisions"}],"predecessor-version":[{"id":842,"href":"https:\/\/concepto3.com.mx\/index.php\/wp-json\/wp\/v2\/pages\/114\/revisions\/842"}],"wp:featuredmedia":[{"embeddable":true,"href":"https:\/\/concepto3.com.mx\/index.php\/wp-json\/wp\/v2\/media\/118"}],"wp:attachment":[{"href":"https:\/\/concepto3.com.mx\/index.php\/wp-json\/wp\/v2\/media?parent=114"}],"curies":[{"name":"wp","href":"https:\/\/api.w.org\/{rel}","templated":true}]}}